he highest common divisor of y and 42.
6
Let v = 363 + -346. Suppose -5*p + 8 = -3*c, -3*c - p + 32 = 4*p. Suppose -3*z = k - 10, k + 4*z = -c*k + v. What is the greatest common factor of 1 and k?
1
Let f = -68 - -13. Let j = f - -63. Calculate the highest common factor of j and 64.
8
Let c(l) = -l**2 - 24*l + 25. Let d be c(-23). What is the greatest common divisor of d and 18?
6
Suppose -2*a - 131 + 137 = 0. Suppose -4*u = -3*p - 69, 3*p = -a*u + 4*p + 53. Let j = 13 - 1. What is the greatest common divisor of j and u?
6
Let o be (-3)/2*48/(-18). Suppose 32 + 0 = -o*y. Let u be 64/6*(-132)/y. What is the greatest common divisor of u and 16?
16
Let q be ((-96)/112)/((-32)/28 - -1). Suppose -84 = -2*x - 0*x. What is the greatest common divisor of q and x?
6
Let h(o) = -o**2 - 43*o + 553. Let v be h(-49). Calculate the highest common divisor of 37 and v.
37
Let n(o) = 4 + 3*o + 5*o**2 - 2*o - 3*o - 2. Let r be n(2). Calculate the greatest common divisor of 126 and r.
18
Let o be ((-162)/21)/((-12)/56). Let s = -33 + o. What is the highest common factor of 24 and s?
3
Let b be (1 - -32)*25*4/60. Suppose -2 - 3 = -m. Calculate the highest common divisor of b and m.
5
Let q be ((-8)/10)/((-4)/10). Suppose g - q*l - 116 = 0, 3*g + 4*l = -0*l + 308. Calculate the greatest common divisor of 18 and g.
18
Suppose 4*v - 57 = 243. Let k(f) = 2*f**3 - 9*f**2 - 9*f - 24. Let i be k(6). What is the highest common factor of v and i?
15
Suppose -105*k + 221 = -88*k. Calculate the highest common divisor of 2483 and k.
13
Let r = -3 - -8. Let h be (-217)/r - (-26)/65. Let u = -23 - h. What is the highest common divisor of 5 and u?
5
Let x = 607 + 3809. Let f be (3 - (0 + 8))*x/(-40). What is the greatest common factor of 69 and f?
69
Suppose -24*b - 228 = -30*b. What is the greatest common factor of b and 152?
38
Suppose 0 = -3*r + 16 - 4. Suppose -3*t + 0*d = -2*d - 13, 14 = r*t - d. Let g be t/2 + 132/24. What is the greatest common divisor of g and 7?
7
Let f(m) = -m**2 - 5*m - 3. Let o be f(-2). Let r be (-150)/(-35)*21/o. Calculate the highest common divisor of r and 15.
15
Suppose 378 = 2*f - 3*b, -2*f + 382 = -5*b + 3*b. What is the greatest common factor of f and 39?
39
Let l be 19*7/(49/21). What is the highest common factor of l and 285?
57
Let x = -51 - -53. Suppose 5*b - 18 = 2, -3 = -i + x*b. Calculate the highest common factor of i and 22.
11
Let k = -1214 + 1290. Calculate the greatest common divisor of 1558 and k.
38
Let l(m) = -12*m - 63. Let y be l(-6). Calculate the greatest common factor of 225 and y.
9
Suppose 8*o - 3*o + 710 = 0. Let h be 6/6 + o/2. Let m be h/3*6/(-4). Calculate the greatest common divisor of 5 and m.
5
Let r = 11 - 26. Let b be 5*(4 - (-156)/r). Let j be -1 - -2 - (b + 9). Calculate the highest common divisor of 3 and j.
3
Suppose 15 - 3 = 4*j, -25 = -4*g - 3*j. What is the greatest common factor of g and 112?
4
Suppose -66 = -7*i + 6*i. What is the greatest common factor of i and 22?
22
Let j(g) = g**3 + 13*g**2 + 3*g + 16. Let s be j(-11). What is the greatest common factor of 90 and s?
45
Let j(f) = -f**3 - 12*f**2 - 16*f - 50. Let c be j(-11). Calculate the highest common factor of c and 145.
5
Suppose 2*y + 0*b + 4*b - 38 = 0, -3*b = 5*y - 81. Let j(s) = -4*s + 20. Let o be j(-25). What is the highest common factor of o and y?
15
Suppose 17*q - 29 = 22. Let u = 2 + -1. Suppose -2*v + 3 = -5*i + u, 3*v = i + 16. Calculate the highest common divisor of v and q.
3
Let i(g) = -g**3 - 2*g**2 + 96. Let w be i(0). Calculate the greatest common factor of w and 132.
12
Let j be (-118)/(-7) - (-7)/49. What is the greatest common divisor of j and 306?
17
Let o = -25 + 25. Suppose -k + 5*p = o, k - 4 = 4*p - 3*p. Calculate the highest common divisor of 50 and k.
5
Let u be 1/((-1)/(-540)*2). Let h(w) = -w**3 - 32*w**2 - 111*w + 58. Let s be h(-28). What is the highest common factor of u and s?
30
Suppose -5*s + 15 = -2*q - 5, 0 = 5*q + 25. Suppose 3*x - 4*p = 28, -2*p + 6 + s = 4*x. Calculate the highest common factor of x and 32.
4
Suppose -i - 5*i = -12246. Suppose 11*x - 269 = i. What is the greatest common factor of 42 and x?
42
Suppose -5*g + 435 = 5*a, 4*a + 3*g = 2*a + 171. Calculate the highest common factor of 306 and a.
18
Suppose 372 - 477 = -5*m. Calculate the highest common divisor of m and 105.
21
Suppose 0*i = -i, 3*y + 3*i = 6. Suppose y*u = -2 + 6. Suppose -28 = 13*b - 20*b. What is the highest common divisor of b and u?
2
Suppose 0 = -0*p - 2*p - 6. Let m(y) be the first derivative of -y**2/2 + 2*y - 114. Let h be m(p). Calculate the greatest common divisor of h and 1.
1
Suppose n - 67 = 136. Suppose -2*h = h - 4*c - 75, -73 = -2*h - 5*c. What is the highest common divisor of h and n?
29
Let m be (1 - -5) + (69 - -17). Calculate the greatest common factor of 1748 and m.
92
Suppose 0 = 2*j + 2*j + 8. Let u be 1/(((-2)/17)/j). Suppose 290 = 2*t + 3*x, 3*x + 87 - 105 = 0. What is the greatest common divisor of t and u?
17
Suppose -2*s + 3775 = -0*s + m, -5*m = 3*s - 5659. Calculate the greatest common divisor of s and 32.
32
Suppose 72*c + 18088 = 86*c. Calculate the highest common divisor of 68 and c.
68
Let k be (-4)/(-2) - 0 - 0. Let j(v) = -2*v**2 - 37*v - 12. Let a be j(-18). Let z be (3/a)/(k/20). Calculate the greatest common divisor of 5 and z.
5
Let q = -24 - -26. Let r = 11 + -3. Calculate the greatest common factor of q and r.
2
Suppose -222*v + 228*v - 90 = 0. Calculate the highest common divisor of v and 70.
5
Suppose 2*t = 100 - 78. Calculate the highest common divisor of t and 451.
11
Suppose 0 = -5*k + 5*u + 20, 8 = 3*k + 3*u - 22. Suppose 0 = 2*s - 17 - k. Let v be 12 + -9 - ((-12)/3 - -1). What is the highest common factor of v and s?
6
Suppose 3*p - 3 = 3*r, 5*r + p = 2*p - 5. Let f be (r - -4)*12/9. Suppose t + f - 6 = 0. Calculate the greatest common factor of 3 and t.
1
Let h(z) = -10*z + 42. Let i be h(3). Calculate the highest common factor of 116 and i.
4
Let k = -78 - -78. Suppose 5*p + k*p = 150. What is the highest common divisor of 15 and p?
15
Let x(w) = -w**2 - w + 16. Let m be x(0). Let r(o) = -o**2 + o + 4. Let f be r(2). What is the highest common factor of f and m?
2
Let c be ((-11)/((-33)/(-6)))/((-2)/20). Calculate the highest common divisor of 110 and c.
10
Suppose 7*l - 3*l + 191 = 5*t, -2*t = -3*l - 75. What is the highest common divisor of t and 858?
39
Suppose 0*i + 17 = 4*n - i, -4*n - 5*i = -35. Suppose 8 = d - a, 42 = n*d + 5*a + 2. What is the highest common divisor of 64 and d?
8
Let i(j) = j**3 + 4*j**2 - 2*j - 2. Let l be i(2). Calculate the greatest common divisor of 306 and l.
18
Suppose 0*o - 4*o + 52 = -2*q, q = -o + 10. Let w be -1*(1 + 3) + 49/7. What is the greatest common divisor of o and w?
3
Let b = -11 + 16. Suppose b*l - 105 + 40 = 0. What is the highest common factor of 13 and l?
13
Suppose -2*y + 511 = 3*i + 142, 3*y = -2*i + 246. What is the greatest common divisor of i and 3?
3
Suppose 8*b - 12*b = -44. Suppose 0 = -4*c + 7 + 1, -3*c - 291 = -3*d. What is the highest common factor of d and b?
11
Let q(u) = 2*u**2 - 14*u - 6. Let h be q(8). Suppose h*d = 6*d + 124. What is the highest common factor of d and 248?
31
Let y(f) = f**2 + 7*f - 6. Let h be y(5). Suppose h = -4*g + 694. Suppose -b = -2*b + 32. Calculate the highest common divisor of b and g.
32
Let d be (-5 + -2)*(-2 - (5 + -2)). Calculate the greatest common divisor of d and 14.
7
Suppose 3*a - k - 2 = 5, -2*a = -k - 3. Let h(z) = z**2 + 1. Let i be h(2). Suppose -i*d + 76 = -24. What is the greatest common divisor of a and d?
4
Let x(p) be the third derivative of p**5/20 + 7*p**4/24 + p**3/3 + 2*p**2. Let b be x(9). Let z = 4115 + -4087. Calculate the highest common divisor of b and z.
28
Suppose -2*g = 1 - 15. Suppose 2*s = 3*n - 25, 2*s + 0*s = -2*n + 30. Let i = n + g. Calculate the highest common factor of 6 and i.
6
Let m(b) = -b**2 + 5*b + 4. Let f be m(5). Suppose a = 6*n - 2*n - 487, 0 = -f*n + 3*a + 493. What is the highest common factor of 11 and n?
11
Let r(j) = 2*j**2 - 9*j + 5. Let l be r(6). Let s(c) = 3*c**3 - 16*c**2 + 23. Let n be s(0). Calculate the greatest common divisor of n and l.
23
Suppose -36 = 5*l - 2*l. Let m = 17 + l. Suppose 6*o - m*o = 264. What is the g